*r - 415. Calculate b(-63).
404
Let f(j) = 11*j**3 - 3*j**2 + 12*j - 22. Determine f(2).
78
Let l(w) = 3*w**3 + 15*w**2 - 12*w + 13. What is l(-7)?
-197
Let w(b) = 2*b**3 - 9*b**2 + 18*b - 371. Give w(7).
0
Let r(g) = 5*g + 423. Give r(-78).
33
Let m(f) = -f**2 + 25*f + 1340. What is m(51)?
14
Let g(u) = 22*u + 632. Determine g(-28).
16
Let k(o) = o**3 + 3*o**2 + 69*o + 108. What is k(-2)?
-26
Let u(y) = 8*y**3 + 54*y**2 - 7*y - 17. Give u(-7).
-66
Let j(x) = 340*x - 1362. Calculate j(4).
-2
Let c(m) = 4602*m + 13824. What is c(-3)?
18
Let a(f) = -f**3 - 44*f**2 - 42*f + 46. Calculate a(-43).
3
Let w(t) = -3*t**3 + 85*t**2 - 22*t - 164. What is w(28)?
4
Let q(a) = -2*a**2 - 2907*a + 32215. Calculate q(11).
-4
Let g(x) = -2*x**3 + 20*x**2 + 35*x - 48. What is g(13)?
-607
Let k(l) = l**2 - 23*l + 150. Calculate k(12).
18
Let i(b) = b**3 - 6*b**2 + 18*b - 40. Calculate i(7).
135
Let x(o) = 5*o**2 + 27*o + 21. Calculate x(-3).
-15
Let l(j) = -38*j**2 - 1581*j + 631. What is l(-42)?
1
Let j(f) = 2*f**2 + 457*f + 1806. What is j(-4)?
10
Let z(w) = -6*w**2 + 282*w - 83. Give z(47).
-83
Let l(w) = -48*w**2 - 71*w - 1. Give l(-2).
-51
Let j(w) = -w**3 + 26*w**2 - 66*w - 96. What is j(23)?
-27
Let o(x) = -15*x**3 - 15*x**2 - 51*x - 14. What is o(-3)?
409
Let f(x) = -1073*x + 4254. Give f(4).
-38
Let y(v) = -v**3 - 33*v**2 - 206*v + 12. What is y(-9)?
-78
Let y(n) = 45*n - 2037. What is y(58)?
573
Let x(b) = -b**2 + 30*b + 176. What is x(32)?
112
Let v(f) = f**3 - 45*f**2 - 37*f - 413. What is v(46)?
1
Let o(f) = -46*f - 233. Determine o(-6).
43
Let h(w) = 2*w**2 - 13*w - 6. Calculate h(7).
1
Let p(r) = r**2 + 97*r + 1805. What is p(-72)?
5
Let o(z) = -z**3 - 16*z**2 - 10*z - 19. Give o(-14).
-271
Let d(h) = -2*h**3 - 43*h**2 + 119*h - 17. What is d(-24)?
7
Let v(a) = 61*a + 2701. What is v(-44)?
17
Let k(c) = -2*c**3 - 35*c**2 - 37*c + 3. Determine k(-16).
-173
Let f(k) = -k**3 + 44*k**2 - 229*k + 76. Determine f(38).
38
Let d(q) = 7*q**2 - 26*q + 73. Give d(3).
58
Let q(t) = 8*t**2 - 110*t + 8. Give q(18).
620
Let y(t) = -39*t**2 + 33*t - 41. Calculate y(2).
-131
Let r(f) = -49*f + 3966. Calculate r(81).
-3
Let y(s) = 61*s**2 + 1466*s + 33. Determine y(-24).
-15
Let n(t) = -23*t + 619. What is n(35)?
-186
Let s(m) = -m**3 + 23*m**2 + 10*m + 3. Calculate s(23).
233
Let j(d) = 8*d - 361. Give j(42).
-25
Let w(o) = 2*o**3 - 158*o**2 + 158*o - 165. What is w(78)?
-9
Let y(f) = -f**3 - 2*f**2 + 47*f + 157. Determine y(-5).
-3
Let h(f) = -4*f**2 - 311*f + 6017. Determine h(16).
17
Let r(d) = -26*d - 405. Give r(-14).
-41
Let z(u) = u**3 + 7*u**2 + 5*u + 131. What is z(-8)?
27
Let b(j) = -2*j**3 + 21*j**2 + 13*j - 24. Give b(11).
-2
Let z(a) = 24*a**2 + 12*a + 3. Give z(-1).
15
Let c(i) = -8*i**3 - 98*i**2 - 18*i - 9. Give c(-12).
-81
Let n(z) = -39*z + 128. What is n(4)?
-28
Let m(z) = z**3 + 47*z**2 + 56*z + 456. Calculate m(-46).
-4
Let i(w) = -w**3 + 6*w**2 - 5*w + 72. Calculate i(7).
-12
Let y(o) = -7*o**3 - 4*o**2 + 6*o + 28. Give y(-3).
163
Let x(k) = -k**3 - 19*k**2 + 45*k - 6. What is x(-21)?
-69
Let d(o) = 41*o**2 - 328*o + 43. Determine d(8).
43
Let v(i) = -2*i**3 - 42*i**2 - 215*i - 86. Determine v(-8).
-30
Let d(y) = y**2 - 378*y - 2. What is d(0)?
-2
Let n(b) = 119*b - 2970. Give n(25).
5
Let y(w) = -w**3 + 12*w**2 - 26*w + 59. Give y(10).
-1
Let p(z) = -z**2 - 1358*z - 5421. Calculate p(-4).
-5
Let g(d) = -7*d**2 + 18*d + 43. Give g(-7).
-426
Let c(b) = -155*b + 11004. Determine c(71).
-1
Let f(u) = 2*u**2 - 37*u + 354. What is f(22)?
508
Let s(u) = -u**2 - 67*u + 3299. Calculate s(33).
-1
Let p(z) = 23*z**2 - 55*z - 17. What is p(3)?
25
Let y(o) = -55*o + 187. Determine y(4).
-33
Let f(k) = 46*k**2 - 191*k - 2. What is f(4)?
-30
Let s(c) = -10*c - 269. What is s(-9)?
-179
Let l(s) = -2*s**3 + 12*s**2 + 8*s + 18. What is l(6)?
66
Let r(o) = o**3 - 271*o**2 + o + 47. Calculate r(0).
47
Let x(a) = 37*a + 53. Calculate x(-4).
-95
Let i(s) = s**2 - 142*s + 2541. Calculate i(21).
0
Let o(d) = 2*d**2 + 19*d + 49. What is o(-3)?
10
Let r(l) = l**2 + 124*l + 3572. Determine r(-80).
52
Let i(m) = 528*m - 2802. Give i(5).
-162
Let c(n) = n**3 + 16*n**2 + 18*n + 13. Determine c(-15).
-32
Let o(u) = -24*u + 640. Give o(27).
-8
Let o(d) = -23*d - 38. Determine o(-12).
238
Let m(k) = k**3 - 31*k**2 + 74*k + 167. Determine m(28).
-113
Let t(c) = -67*c - 2955. What is t(-44)?
-7
Let s(g) = 237*g - 928. Determine s(4).
20
Let b(q) = 693*q - 8992. Give b(13).
17
Let s(v) = 235*v - 41363. Give s(176).
-3
Let c(i) = -20*i**2 - 9*i - 9. Calculate c(-1).
-20
Let d(b) = -76*b - 4395. Give d(-58).
13
Let t(k) = -4*k**3 - 7*k**2 - 28*k - 56. Calculate t(-3).
73
Let b(y) = 5*y**2 + 348*y - 148. Calculate b(-70).
-8
Let r(s) = 48*s + 22. What is r(-6)?
-266
Let l(n) = 25*n - 894. Give l(36).
6
Let h(q) = q**2 - 28*q + 18. Calculate h(15).
-177
Let u(c) = -3*c**2 - 104*c + 580. What is u(6)?
-152
Let r(n) = 41*n - 2102. Determine r(52).
30
Let a(g) = -g**3 + 8*g**2 + 6*g - 5. What is a(6)?
103
Let k(d) = -d**3 - 42*d**2 - 40*d + 47. Calculate k(-41).
6
Let f(c) = 29*c - 2118. Give f(73).
-1
Let c(v) = v**3 - 37*v**2 - 27*v - 469. Give c(38).
-51
Let r(f) = 533*f + 535. Determine r(-1).
2
Let m(k) = 3*k**3 + 6*k**2 + k + 16. Calculate m(-7).
-726
Let a(y) = y**2 - 31*y + 162. Calculate a(21).
-48
Let m(y) = -9*y + 42. Determine m(22).
-156
Let q(s) = -71*s**2 - 289*s + 2. Determine q(-6).
-820
Let h(v) = v**3 - 5*v**2 + 38*v - 131. Give h(4).
5
Let i(m) = 14*m - 118. What is i(17)?
120
Let s(w) = -24*w + 333. Determine s(14).
-3
Let t(h) = -5*h**2 + 480*h - 46. What is t(96)?
-46
Let i(u) = 15425*u + 92546. What is i(-6)?
-4
Let q(o) = 9*o + 57. Calculate q(3).
84
Let g(c) = c**3 - 29*c**2 + 11*c - 314. What is g(29)?
5
Let s(w) = 193*w - 14917. Give s(77).
-56
Let r(m) = -692*m - 6949. Give r(-10).
-29
Let b(a) = -2*a**2 - 3*a + 70. Calculate b(6).
-20
Let m(j) = j**3 - 35*j**2 - 176*j + 775. What is m(39)?
-5
Let m(h) = -9416*h + 9414. Give m(1).
-2
Let w(a) = 5*a**3 - 214*a**2 - 53*a + 421. Determine w(43).
-9
Let w(n) = -14*n**2 + 414*n - 107. Determine w(30).
-287
Let b(h) = -h**2 + h - 8. Calculate b(12).
-140
Let s(i) = i**2 + 44*i - 298. What is s(-35)?
-613
Let f(n) = -47*n - 953. Calculate f(-20).
-13
Let h(k) = -3312*k - 19869. What is h(-6)?
3
Let a(n) = n**2 - 21*n - 69. Calculate a(-4).
31
Let q(r) = r**3 - 12*r**2 - 88*r + 10. What is q(17)?
-41
Let t(q) = -7*q**3 - 413*q**2 - 2*q - 88. What is t(-59)?
30
Let g(d) = -4*d + 57. What is g(9)?
21
Let w(t) = -2*t + 716. Give w(41).
634
Let c(b) = -b**3 - 14*b**2 - 9*b + 9. Determine c(-11).
-255
Let c(h) = 120*h**3 + 9*h**2 - 4. What is c(-2)?
-928
Let j(f) = 91*f**2 - 10*f + 17. Calculate j(2).
361
Let r(o) = 5*o**2 - 20*o - 191. Calculate r(-6).
109
Let n(k) = 17*k - 186. Determine n(9).
-33
Let h(b) = -82*b - 837. What is h(-10)?
-17
Let g(j) = -2*j**3 + 17*j**2 - 27*j - 24. Calculate g(5).
16
Let g(o) = o**3 + 29*o**2 + 19*o - 700. Give g(-27).
245
Let r(i) = 37*i**2 + 4*i - 3. Give r(1).
38
Let u(r) = -185*r + 4427. What is u(24)?
-13
Let g(n) = -n**3 + 64*n**2 - 489*n + 154. What is g(55)?
484
Let n(j) = -130*j - 327. Determine n(-3).
63
Let b(m) = 3*m**2 - 81*m - 159. Calculate b(29).
15
Let f(s) = -16*s**3 + s**2 + 10*s + 6. Calculate f(-2).
118
Let c(n) = -n**3 - 4*n**2 + 29*n + 51. Calculate c(-2).
-15
Let r(h) = 201*h - 1006. Calculate r(5).
-1
Let i(d) = 2*d**2 - 91*d - 57. Determine i(46).
-11
Let g(r) = -2*r**3 - 38*r**2 + 62*r + 427. Give g(-20).
-13
Let c(f) = -f**3 + 18*f**2 - 29*f + 76. Calculate c(16).
124
Let g(o) = o**3 + 102*o**2 - 21113*o + 402. Calculate g(-205).
-8
Let c(h) = -332*h + 1240. Give c(5).
-420
Let o(g) = -g**2 + 20*g - 71. Determine o(9).
28
Let o(t) = 7*t + 112. Calculate o(-16).
0
Let m(k) = -20*k - 203. Calculate m(-13).
57
Let t(l) = -14*l**2 - 124*l - 14. Calculate t(-9).
-32
Let x(y) = 5*y**3 + 6*y**2 + 22*y + 70. Give x(-4).
-242
Let c(k) = 18*k - 61. What is c(-5)?
-151
Let p(r) = -r**3 + 31*r**2 - 82*r - 44. Give p(28).
12
Let p(x) = -x**2 - 2*x + 89. Calculate p(-12).
-31
Let g(k) = 206*k - 10658. Determine g(52).
54
Let d(y) = -5*y**2 + 19*y - 42. Give d(5).
-72
Let m(g) = 7034*g - 239159. Calculate m(34).
-3
Let h(y) = -y**3 + 30*y**2 - 87*y + 178. Give h(27